the tens digit of x?
1
Let d = 79 + -47. What is the units digit of d?
2
Suppose 0 = -5*l + 3*t + 8 + 13, -4*l + 5*t = -22. Let c be 9/2 + (-3)/(-6). Suppose 0 = -l*w + c*k - 4, -2 = -k. What is the units digit of w?
2
Let f = -113 - -219. What is the tens digit of f?
0
Suppose 4*r = 2*i - 74, -46 = -4*i - r + 57. Suppose i + 23 = 5*v. What is the tens digit of v?
1
Suppose -3*n + 5*p + 12 = 0, 5*n - 3*p = n + 5. Let q = n + 5. Suppose -4*z = q*s - 4, 0 = -z - 0*s + 2*s + 16. What is the units digit of z?
6
Let d = 71 + 11. What is the units digit of d?
2
Let o = 251 + -165. What is the units digit of o?
6
Let t be (-36)/45*10/(-4). Let v(c) = c + 2. Let w be v(0). Suppose t*f + w = 24. What is the units digit of f?
1
Suppose 3*b - 5*m = -2*m + 444, 2*m - 151 = -b. What is the hundreds digit of b?
1
What is the tens digit of (-630)/(-40) + 1/4?
1
Let f(t) = t**3 - 5*t**2 - t + 4. What is the units digit of f(7)?
5
Let g(i) = -4*i**2 + 2*i**2 + i**2 + 2*i**2 - 5. What is the units digit of g(4)?
1
Suppose -45 = 5*i - 160. What is the units digit of i?
3
Suppose 5*x - 716 = 359. Suppose -2*a + 0*a = t - 38, -5*t - 5*a + x = 0. What is the tens digit of t?
4
Let s = 3 - -7. Let k(o) = o**3 + o**2 + o + 7. Let r be k(0). Let c = s - r. What is the units digit of c?
3
Let n = -16 + 56. What is the tens digit of n?
4
Suppose -10*x + 11*x - 77 = 0. What is the units digit of x?
7
Let q = -281 + 432. What is the tens digit of q?
5
Let d = 23 - 11. Suppose 9 = 3*s - d. What is the units digit of s?
7
Let v be (-1)/(-4) + (-26)/8. What is the units digit of ((-10)/v)/5*15?
0
Suppose 0*z + 6 = 3*z. Suppose -2*a = -0*a - z. Suppose -10 = -w - a. What is the units digit of w?
9
Let n = -5 - -7. Let k(t) = -t**3 - 12*t**2 - 1. Let d be k(-12). Let l = n - d. What is the units digit of l?
3
Let h(p) = -7*p + 1. Let m be ((-6)/5)/(6/(-15)). Let u be h(m). Let d = -8 - u. What is the units digit of d?
2
Let c be (4/6)/(34/867). Suppose 4 + c = a. What is the units digit of a?
1
Suppose -r - 2*y = -28, 4*r - 10 = y + 93. Suppose r = 3*j - 19. What is the tens digit of j?
1
What is the hundreds digit of ((-366)/15)/((5 - 1)/(-20))?
1
What is the units digit of (-825)/(-6) + 7/(-14)?
7
Let l(g) = 2*g - 7. Suppose 5*k - 10 = 0, 5*z + 7*k - 3*k = 38. Let h be l(z). Let x = -2 + h. What is the units digit of x?
3
Let j(u) = -u**3 - 7*u**2 - 7*u - 4. Suppose -4*c + 64 = -0*c + 2*p, -20 = 5*p. Suppose -5*v + c = -8*v. What is the units digit of j(v)?
2
Let s(w) = -w + 6. Let d be 20/6*(-6)/(-4). Let a be s(d). What is the units digit of a/3 + (-11)/(-3)?
4
Suppose 2*q = 5*u - 2*u - 2, -2*u + 1 = -q. Suppose 3*m = 4*p + 10, 0*p = -5*m - 2*p + 8. Let s = u + m. What is the units digit of s?
2
Suppose -w + 27 = -4*w. Suppose -4*q - 2 = 10. Let a = q - w. What is the units digit of a?
6
Suppose 0 = u + 2*u - 18. What is the units digit of u?
6
Suppose 3*o = 3*r + 42, -2*r = -3*o + 49 - 11. Let m = o + -5. What is the units digit of m?
5
Suppose 4*s - 300 = -0*s. What is the tens digit of s?
7
Let n(q) = 11. Let k(z) = -16. Let r(f) = 5*k(f) + 8*n(f). Let t(g) = -g + 8. Let x(a) = 2*r(a) - 3*t(a). What is the units digit of x(6)?
0
Suppose -19*i + 23*i = 76. What is the tens digit of i?
1
Let y be 2392/32 - (-6)/(-8). What is the tens digit of (y/4)/(5/10)?
3
Let v(t) = t**3 + 13*t**2 - 3*t - 11. Let y be v(-13). Suppose -7*m = -3*m - y. What is the units digit of m?
7
Let y(o) = o**3 + 2*o**2 - 5*o - 3. Let j be y(-3). Suppose -4*n + 0*n + 228 = j*l, -285 = -5*n - 4*l. Suppose 3*t = -12 + n. What is the tens digit of t?
1
What is the tens digit of 12/(-3) + 0 + 206?
0
What is the tens digit of (-118)/(-8) + 6/(-8)?
1
Let y = -11 + 11. Suppose -2*m + y*m = -14. What is the units digit of m?
7
Let b(c) = 4*c - 5. What is the tens digit of b(4)?
1
Suppose -4*o + 0*o = -28. Let w(i) = 3*i. What is the units digit of w(o)?
1
Suppose 0 = m - 3*o + 4*o - 3, 2*m - 3*o - 21 = 0. Let a = m + -11. Let g(f) = -f + 2. What is the units digit of g(a)?
7
Let c(z) = z**3 - 10*z**2 - 9*z - 5. What is the units digit of c(11)?
7
Let y(t) = 2*t**3 - 4*t**2 + 5*t + 5. Let d be y(5). Suppose 0*w + d = 3*w. Suppose 0 = -0*z - 4*z + w. What is the tens digit of z?
1
Let o(k) = k**3 - 6*k**2 - 2*k + 8. Let a be o(6). Let f(g) = -3*g - 4. Let d be f(a). What is the units digit of (d/3)/((-12)/(-18))?
4
Let z(j) = 2*j**2 - 4*j - 6. What is the tens digit of z(-2)?
1
Let y = 50 - 29. Let b = y - 2. What is the tens digit of b?
1
Let p(v) = v**2 - 6*v - 1. Suppose 0 = -5*k + o - 0*o + 39, -2*o = k + 1. What is the units digit of p(k)?
6
Let n be (-3 + 7 - 2) + 32. Let t = 6 + n. What is the tens digit of t?
4
Let w = -3 - -7. Suppose -5*i = -5*o + 60, w*i - 57 = -5*o + 3. What is the units digit of o?
2
Suppose 0*g - 588 = -5*v + g, -2*v - g = -231. What is the units digit of v?
7
Suppose j - 3 = -2. Suppose -4*u - 4 = -5*x, -3*x + 4*u = j + 3. Suppose 18 = -n + x*n. What is the units digit of n?
6
Let w(p) = 39*p**2 - 1. Let a be w(1). What is the units digit of (-1)/((-1)/(a - 0))?
8
Let r be (-2*3)/(3/(-2)). Let j(l) = 10 + 5*l**2 - r*l**2 + 3*l + 3*l - 5*l. What is the units digit of j(0)?
0
Let k(m) be the second derivative of -m**5/24 - m**4/8 - m**3/3 + 2*m. Let s(d) be the second derivative of k(d). What is the units digit of s(-2)?
7
Suppose 5*p + 2 = -2*j + 11, 0 = -4*p + j + 15. What is the units digit of 1/((-3)/(-27)*p)?
3
Let y be (-18)/(-12)*(-10)/(-3). Let w be (0 + 0)/(-6 + y). Let k = 12 - w. What is the tens digit of k?
1
Let r = -22 + 42. What is the tens digit of r?
2
Suppose 0 = -8*y + 11*y - 9. What is the units digit of y?
3
Let g = -5 - -8. Let n be (2 - 0)*g/(-1). What is the units digit of (-14)/(n/(2 - -1))?
7
Suppose -21*c + 25*c - 212 = 0. What is the tens digit of c?
5
Suppose 0 = -4*k - 2*s + 350, -3*s + 132 + 132 = 3*k. What is the tens digit of k?
8
Let z be 35/1 - (-2 + -1). Suppose 0 = -f - 5*x + z, 3*f + 20 - 95 = -2*x. What is the tens digit of f?
2
What is the units digit of (-30)/(-45) + 130/3?
4
Let q(s) = -s**3 + 9*s**2 + s - 5. Let v be q(9). Suppose v*h = -2*r + 90, -2*r + h = -r - 36. What is the tens digit of r?
3
Let p(x) = 2*x**2 + 3*x + 3. Let j(v) = -3*v + 3. Let h be j(2). What is the units digit of p(h)?
2
Suppose 1 = -o + 4. Suppose 7 = 5*i - o*z + z, i - z = 2. What is the units digit of 8 + (0/(-1))/i?
8
Let s(o) = o**2 + 4*o - 3. What is the units digit of s(-8)?
9
Suppose 0 = 3*u + 4*y - 8 - 2, 2*u + 3*y - 8 = 0. Let b(i) = 2*i**2 + 4*i + 3. Let g be b(-2). Let r = g + u. What is the units digit of r?
1
Let d be 2/4*(-2 - -10). What is the units digit of 49/d - (-2)/(-8)?
2
Suppose 2*a = -2*s + 384, -2*s - 4*a + 369 = a. What is the units digit of s?
7
Let k(o) = 3*o**3 - o**2 + 3*o - 3. Let v be k(2). Suppose -6*a = -2*a + 12, -3*a - 42 = -3*j. Let w = v - j. What is the units digit of w?
2
Let b(y) = -y - 3. Let p = 16 + -24. Let v be b(p). Let j = v + -3. What is the units digit of j?
2
Let h = 11 + 3. What is the units digit of h?
4
What is the units digit of 12/(3 - 0) + 38?
2
Let u = 5 + -2. Let b = u - 2. What is the tens digit of (b - (2 - 11))/1?
1
Let c = 44 - 42. What is the units digit of c?
2
Let b be -12*(2 - (4 - 1)). What is the units digit of ((-4)/b)/(1/(-6))?
2
Let s be ((-20)/6)/((-1)/(-3)). Let y = -21 - s. What is the units digit of (-53)/y + 6/33?
5
Let l(a) = a**3 - 2*a**2. Let n(j) = -j**3 + 2*j**2 - j - 1. Let y(k) = 5*l(k) + 4*n(k). Let t = -5 + 9. What is the units digit of y(t)?
2
Suppose 3*h - 5*h = -c - 4, -5*c + 28 = 2*h. Suppose -5*w = -h*j + 8, -3*j + 6 = -w - 4*w. Suppose -j*g - l + 5*l = -4, 3 = 3*l. What is the units digit of g?
4
Suppose x = -4*x + 10. Let s(u) = u**3 - u**2 - u + 2. Let t be s(x). Suppose 0 = -6*y + 5*y + t. What is the units digit of y?
4
Let n = 4 - 3. What is the units digit of (-2 + (n - -17))/2?
8
Let z(p) = p**2 - 3*p + 1. Let s = 0 - -5. What is the tens digit of z(s)?
1
Let d = -11 - -15. Suppose 2*u - d*u = 8. Let s(f) = f**3 + 6*f**2 + 5*f - 3. What is the units digit of s(u)?
9
What is the units digit of (-250)/(-4) + (-2)/4?
2
Suppose 3*v = 3*k + 183, k + 70 = 5*v + 5. Let u = k + 104. What is the units digit of u?
4
Let v = -1 + 1. Suppose 55 = 5*j - u, 0 = -u - 5. Suppo